+ 3. Let d be n(-3). Let x(m) = -1505 + m + 3015 - 1512. Determine x(d).
10
Let p = -11487 - -11486. Let g(b) = 7*b**2 + 4*b + 3. Calculate g(p).
6
Let w(h) = 7 + 2*h + 0 + 1. Suppose -4938*f + 4934*f + 3*z = 40, 2*f = 4*z - 30. Determine w(f).
-6
Let u(j) = 8*j**2 + 4*j + 2. Suppose -5*n = -5*c, 5*n + 1 = -10*c + 14*c. What is u(n)?
6
Let v(u) = -u**2 + 18*u + 12. Let d(m) = m**2 - 22*m + 125. Let c be d(7). Give v(c).
-28
Let j(q) be the second derivative of 1/12*q**4 - 6*q - 2 + 1/2*q**3 - 4*q**2. Suppose 2*w = -8 - 4. Determine j(w).
10
Let d = -208 + 210. Let j(i) = 0*i**d + 3 - 83*i**3 + 82*i**3 - 4*i**2. Calculate j(-4).
3
Let x(z) = 3*z - 7. Let b be x(7). Let d = 400 + -381. Suppose b*t - d*t + 5 = 0. Let w(p) = -9*p**2. Give w(t).
-9
Let u(k) = k**2 + 10*k - 8. Suppose 20 = 4*z, -223 + 38 = 5*h - 5*z. Let d be (-8)/120*5 + h/3. Give u(d).
3
Let x be (-92)/230*1*-10. Let k(p) be the third derivative of 0*p + 1/6*p**3 + 0 - 1/12*p**x + 4*p**2. What is k(-4)?
9
Let j = -10 - -7. Let k = j + 7. Let i(y) = 4*y**2 - 2*y**2 - 5*y**2 + 7*y + k*y**2. Calculate i(-8).
8
Let l(v) = -5*v + 80 - 42 + 3*v - 41. Let f = 388 - 390. What is l(f)?
1
Suppose 1340*y + 3*n = 1336*y - 31, 3*y - 24 = 3*n. Let o(q) = -q**2 - 4*q**2 - 5*q**2 - q. Determine o(y).
-9
Suppose 0 = 26*w + 3*w + 174. Let m be (-14 - -13)/((-2)/12). Let n(d) = d - 3*d + 3 + m*d**2 - 2*d + d**3 - d**2. What is n(w)?
-9
Let k = -6 + 9. Let n = -311 + 314. Let s(v) = n*v - 4*v + k*v + 0*v + 9. Calculate s(-7).
-5
Let w(a) = -a - 9. Suppose -109 - 81 = 19*u. Let q be w(u). Let x(r) = -3*r - 1. Calculate x(q).
-4
Let s(i) = -i**2 + 2*i - 4. Let u(x) = -2*x + 13. Let o be u(3). Let p(l) = -3*l + 20. Let r be p(o). Let a be (18/15)/((2/(-5))/r). Determine s(a).
-7
Let k(f) = f**3 - 21*f**2 + f - 24. Suppose 5*v - 40 = -2*y + 75, -58 = -3*v + y. Determine k(v).
-3
Let q(a) = -4*a**2 + 55*a + 14. Let n be q(14). Suppose -2 = l - 1, t + 5 = 3*l. Let f = t - n. Let v(b) = -2*b - 11. Calculate v(f).
5
Suppose -2*m - 84 = -8*m. Let r(i) be the first derivative of 95*i**2 - m - 198*i**2 + 104*i**2. Give r(-5).
-10
Let n be ((-560)/(-420))/(4/(-6)). Let v(c) = -13*c**3 - 2*c**2 + 2*c. Calculate v(n).
92
Suppose 3*l - 7*l + 58 = -2*r, l - 13 = -r. Let f(z) = -13*z - 5*z - l*z + 56*z. Give f(1).
24
Let z(h) = 2*h**2 - 23*h - 52. Let s be (19/133*7 + 1*-14)/(-1). What is z(s)?
-13
Let r(t) be the first derivative of t**7/840 - t**6/60 + t**5/120 + t**4/24 + 70*t**3/3 - 2*t + 47. Let o(d) be the third derivative of r(d). What is o(6)?
7
Let s(x) = -3*x - 17. Suppose -7*b - 275 = -32*b. Let m = 7 - b. Calculate s(m).
-5
Let m(u) = 30*u - 137. Let i(n) = 10*n - 39. Let p(b) = -7*i(b) + 2*m(b). Calculate p(-1).
9
Let q(i) be the first derivative of -2/3*i**3 - 5*i**2 - 85 - 8*i. What is q(-6)?
-20
Let q(b) = -1567*b + 784*b + 795*b - 362. What is q(30)?
-2
Let y(d) = -5*d**3 - 29*d**2 - d - 37. Let u(b) = -6*b**3 - 30*b**2 - b - 41. Let t(p) = -4*u(p) + 5*y(p). Calculate t(-25).
4
Let h be (560/(-240))/(14/(-24)). Let l(s) = -3*s**2 - 11*s + 3. Let t = -11 - -6. Let w(z) = -2*z**2 - 6*z + 2. Let c(y) = t*w(y) + 3*l(y). What is c(h)?
3
Suppose -17 + 301 + 271 = -98*m + 653*m. Let t(v) = 2*v - 9*v**2 + 0 + 0 - 1. Determine t(m).
-8
Let g(a) = 5*a + 13. Let z = 12693 - 12683. What is g(z)?
63
Let p(z) = -z**3 + 27*z**2 - 172*z - 9. Let k be p(11). Let c(g) = -g**2 + 32*g + 121. What is c(k)?
16
Let o(x) = -7*x + 94. Let k(p) = -52*p - 5810. Let z be k(-112). Calculate o(z).
-4
Suppose -2*t + 13 = 1. Let i be t/24 + (-30)/(-8). Let h(g) = g + 5 + 3 - i. Determine h(-4).
0
Let h(n) = -9*n + 5*n - 13 + 0*n**2 - n**2 + 14 + 1. Calculate h(-9).
-43
Let m = -717 + 748. Let a(q) = -5*q + 153. Let l be a(m). Let h(s) = -3*s**2 + s. Determine h(l).
-14
Let g(p) be the third derivative of 1/6*p**3 + 0*p - 5/12*p**4 + 1/60*p**5 - 283*p**2 + 0. Let t(k) = -2*k + 1. Let n be t(-4). Determine g(n).
-8
Let t(m) = -3*m + 6. Let l(y) = y**2 + 10*y + 9. Let j be l(-9). Let f be t(j). Let c(i) = 6*i - 7*i + f*i. Calculate c(-3).
-15
Let j(s) = -9*s + 30. Let k(y) = y**3 + 7*y**2 + 49*y + 198. Let w be k(-5). Give j(w).
3
Let f(u) = -3*u**3 + 29*u**2 - 41*u + 502. Let q be f(10). Let x(y) = -y**3 - 9*y**2 - 3*y + 3. What is x(q)?
-37
Suppose -22*k + 40 = -12*k. Let u(n) = k - 133*n**2 + 132*n**2 - 4 + 2. Let m be 1/(3*4/48). What is u(m)?
-14
Let p(x) = -16*x - 4. Let a be p(1). Let z(y) = 3*y + 55. Give z(a).
-5
Let n = 2862 - 2875. Let w(c) = -c**2 - 18*c - 9. Give w(n).
56
Suppose 22*p + 6*p + 1455 = -69*p. Let n(u) = u**2 + 12*u - 15. What is n(p)?
30
Suppose 4 = -6*r + 16. Let i(t) = -t**3 + 4*t**r + 2 + 14 - 20 + 4*t. What is i(3)?
17
Let z be 6/(((-243)/90)/(-9)). Let d(x) = -8*x + 39 - 11*x - 38 + z*x. Calculate d(4).
5
Let s(i) = -i**2 + 3*i + 1. Suppose -2*f = -3*n + 7*n + 844, -3*f = 3*n + 1254. Let g = 416 + f. Give s(g).
3
Let s = 518 - 514. Let t(p) = -6*p - 3*p**3 - 6 + s + 3 + 4*p**3 + 9*p**2. Determine t(-10).
-39
Suppose -27 = -3*o - 0*o. Let d(h) = -17*h**2 + 17*h**2 - 2 - 19*h**2 - 8*h + 39*h**2 - 19*h**2. Determine d(o).
7
Let k(b) = -9*b + 53. Let y(w) = -w**3 + 81*w**2 - 5*w + 411. Let q be y(81). Give k(q).
-1
Let h = -99 + 109. Let z(r) = 8 - 8 + h + 0*r - 2*r. Give z(8).
-6
Let b(m) = 21*m - 2. Let v(o) = o. Let f(w) = 46*w - 5. Let n(i) = -f(i) + 3*v(i). Let t(g) = 7*b(g) + 3*n(g). Give t(1).
19
Suppose 3*y - 13 - 8 = 0. Suppose 4*k + y*k - 22 = 0. Let v(b) = 0*b**k + 8*b**3 + 1 - 2*b + 3*b**2 - 3*b**2. Determine v(1).
7
Let i(h) = 7*h**2 + 2*h + 1. Let l be 31/(-7) - (0 - 44/(-77)). Suppose 0*a - 3*a - 22 = 2*z, -2*a = -5*z + 2. Let y = a - l. What is i(y)?
6
Let l(r) = r**3 - 6*r**2 - r + 30. Let w be ((-384)/(-864))/((-2)/(-18)). Give l(w).
-6
Let b(r) = -3*r**2 + 45*r - 5. Suppose -12 = -2*h, 5*h = 4*g - 9 - 21. Determine b(g).
-5
Let q(t) be the third derivative of -t**6/120 - t**5/6 + t**4/2 - 11640*t**2. Let y be -7 + (-3)/1 + -1. Calculate q(y).
-11
Let i(u) = 6*u**2 - 2*u**2 - 10*u + 13 - 5*u**2 + 0*u**2 - 22. Suppose 3*c = -c - 28. Give i(c).
12
Let l(x) = 148*x - 1036. Let t be l(7). Let q(j) = j**3 - j**2 + 6*j - 6. Determine q(t).
-6
Let x = -117 - -120. Suppose -4*f = 2*z + 4, 5 = 2*z - 2*f + x. Let m(s) = s**3 + s**2 + s + 1. What is m(z)?
1
Let b = -39 + 44. Suppose -3*u - 2*u + 2*p - 34 = 0, -b*p = u - 4. Let x(q) be the second derivative of -q**4/12 - 5*q**3/6 + 5*q**2/2 + q. Calculate x(u).
-1
Suppose -2*t + 3*q - 41 = 0, 452*t = 454*t - 5*q + 63. Let y(a) = -9*a + 3. Let p(u) = -4*u + 1. Let n(v) = 5*p(v) - 2*y(v). Calculate n(t).
7
Let c(b) = -80*b + 3124. Let t be c(39). Let m(r) = -2*r**2 + 10*r - 7. Calculate m(t).
1
Let s(g) be the second derivative of 7*g**3/6 - g**2 - 9*g - 13. What is s(-7)?
-51
Let g be 15*(-5)/3 - (-2)/2. Let d = g - -17. Let b(t) = -t**2 - 7*t + 2. What is b(d)?
2
Let c(h) be the second derivative of -h**5/20 - 13*h**4/12 - 29*h**3/6 + 3*h**2/2 + 44*h - 15. What is c(-10)?
-7
Let b(p) be the third derivative of -1/120*p**6 - 1/2*p**3 - 3*p + 11/60*p**5 + 1/24*p**4 + 30*p**2 + 0. Suppose i - 11 = -0*i. Determine b(i).
8
Let k be -114 + 101 + 1*17. Let r(m) = -3*m - 4 - m + 4*m**2 - m**3 + m**2 + 1. What is r(k)?
-3
Let c(i) = -2 + 6 + 3 + 4*i. Suppose 0 = 4*r - 3*m - 20 + 68, r - 5*m = -29. Determine c(r).
-29
Let t(g) be the third derivative of -g**4/12 + 5*g**3/6 + g**2. Let b = -111899 - -111903. Determine t(b).
-3
Let p(z) = 3*z + 1. Let y(x) = -x + 22. Let g be y(13). Let h be (-1 - -1)*g/(-9). Suppose 0*r + 2*r - 8 = h. Give p(r).
13
Let q(t) = 36*t + 23*t - 19*t - 3*t**3 + 29*t**2 + 5*t**3 + 0 + 3. Determine q(-13).
-10
Let p(x) = 13*x - 12 + 16 - 8*x - 3*x. Let y(u) = 5*u - 2*u + 7 + 0*u. Let n(o) = 5*p(o) - 3*y(o). Determine n(3).
2
Let p(t) = -t**2 - 5*t + 2. Suppose -5*s + 3*g = -6, 5*s + 8 = -3*g - g. Suppose 20 = 4*x - s*x. Suppose -5*v = 4*i + 21, 2*v = x*v + i + 14. Determine p(v).
2
Let y(r) = -r**3 + 11*r**2 - 11*r + 7. Let t(j) = -14*j + 2 + 2 + 11 + 24*j**2 - 9*j - 2*j**3. Let i(m) = -2*t(m) + 5*y(m). Give i(6).
-13
Let i(v) be the third derivative of 7*v**4/12 - 9*v**3/2 + 3*v**2 + v. Let r be i(2). Let m(t) = -12*t - 1. Give m(r).
-13
Suppose 0 = -n + 4*s + 2, 4*n - 30 = 3*s + 2*s. Let d be (12 + 1)/(-3 + 40/n). Let x(w) = w**3